{"id":17418,"date":"2020-01-30T20:43:25","date_gmt":"2020-01-30T20:43:25","guid":{"rendered":"https:\/\/fotosenderismo.com\/wordpress\/?page_id=17418"},"modified":"2020-01-30T20:47:34","modified_gmt":"2020-01-30T20:47:34","slug":"comentarios","status":"publish","type":"page","link":"https:\/\/fotosenderismo.com\/wordpress\/index.php\/comentarios\/","title":{"rendered":"COMENTARIOS"},"content":{"rendered":"<ol class=\"has-avatars has-dates has-excerpts wp-block-latest-comments\"><li class=\"wp-block-latest-comments__comment\"><img alt='' src='https:\/\/secure.gravatar.com\/avatar\/e67ef5d0005dfab8faab6fe9beeaf8ed9b439b17b21f2a56ef7eb3ef5275d375?s=48&#038;d=mm&#038;r=g' srcset='https:\/\/secure.gravatar.com\/avatar\/e67ef5d0005dfab8faab6fe9beeaf8ed9b439b17b21f2a56ef7eb3ef5275d375?s=96&#038;d=mm&#038;r=g 2x' class='avatar avatar-48 photo wp-block-latest-comments__comment-avatar' height='48' width='48' \/><article><footer class=\"wp-block-latest-comments__comment-meta\"><a class=\"wp-block-latest-comments__comment-author\" href=\"https:\/\/fotosenderismo.com\/wordpress\/index.php\/author\/administrador\/\">Eduard<\/a> en <a class=\"wp-block-latest-comments__comment-link\" href=\"https:\/\/fotosenderismo.com\/wordpress\/index.php\/2020\/04\/14\/hemos-probado-okmap\/comment-page-1\/#comment-526\">Hemos probado OKMap. Comparativa con otros programas.<\/a><time datetime=\"2024-07-12T14:09:24+00:00\" class=\"wp-block-latest-comments__comment-date\">2024-07-12<\/time><\/footer><div class=\"wp-block-latest-comments__comment-excerpt\"><p>Hola, el problema es que desde hace tiempo estoy utilizando Debian Linux como sistema operativo, y me parece que no&hellip;<\/p>\n<\/div><\/article><\/li><li class=\"wp-block-latest-comments__comment\"><img alt='' src='https:\/\/secure.gravatar.com\/avatar\/0091e73d12e25e3ea3b2a22273458568169cfbb4cff9b89b8dbb9b41fa29b3ea?s=48&#038;d=mm&#038;r=g' srcset='https:\/\/secure.gravatar.com\/avatar\/0091e73d12e25e3ea3b2a22273458568169cfbb4cff9b89b8dbb9b41fa29b3ea?s=96&#038;d=mm&#038;r=g 2x' class='avatar avatar-48 photo wp-block-latest-comments__comment-avatar' height='48' width='48' \/><article><footer class=\"wp-block-latest-comments__comment-meta\"><a class=\"wp-block-latest-comments__comment-author\" href=\"https:\/\/www.okmap.org\">Gian Paolo Saliola<\/a> en <a class=\"wp-block-latest-comments__comment-link\" href=\"https:\/\/fotosenderismo.com\/wordpress\/index.php\/2020\/04\/14\/hemos-probado-okmap\/comment-page-1\/#comment-525\">Hemos probado OKMap. Comparativa con otros programas.<\/a><time datetime=\"2024-07-11T11:31:29+00:00\" class=\"wp-block-latest-comments__comment-date\">2024-07-11<\/time><\/footer><div class=\"wp-block-latest-comments__comment-excerpt\"><p>Hola Eduardo, quer\u00eda informarte que con la nueva versi\u00f3n de OkMap Desktop ahora es posible calcular tracks (y rutas) autom\u00e1ticamente&hellip;<\/p>\n<\/div><\/article><\/li><li class=\"wp-block-latest-comments__comment\"><img alt='' src='https:\/\/secure.gravatar.com\/avatar\/e67ef5d0005dfab8faab6fe9beeaf8ed9b439b17b21f2a56ef7eb3ef5275d375?s=48&#038;d=mm&#038;r=g' srcset='https:\/\/secure.gravatar.com\/avatar\/e67ef5d0005dfab8faab6fe9beeaf8ed9b439b17b21f2a56ef7eb3ef5275d375?s=96&#038;d=mm&#038;r=g 2x' class='avatar avatar-48 photo wp-block-latest-comments__comment-avatar' height='48' width='48' \/><article><footer class=\"wp-block-latest-comments__comment-meta\"><a class=\"wp-block-latest-comments__comment-author\" href=\"https:\/\/fotosenderismo.com\/wordpress\/index.php\/author\/administrador\/\">Eduard<\/a> en <a class=\"wp-block-latest-comments__comment-link\" href=\"https:\/\/fotosenderismo.com\/wordpress\/index.php\/2021\/01\/03\/argelaguer-sant-jaume-de-llierca-tortella\/comment-page-1\/#comment-446\">Argelaguer, Sant Jaume de Llierca, Tortell\u00e0<\/a><time datetime=\"2021-01-03T18:27:50+00:00\" class=\"wp-block-latest-comments__comment-date\">2021-01-03<\/time><\/footer><div class=\"wp-block-latest-comments__comment-excerpt\"><p>Para ver fotos del Parc Garrell: https:\/\/photos.app.goo.gl\/qKUyXCfUSF3Q8rSq7<\/p>\n<\/div><\/article><\/li><li class=\"wp-block-latest-comments__comment\"><img alt='' src='https:\/\/secure.gravatar.com\/avatar\/e67ef5d0005dfab8faab6fe9beeaf8ed9b439b17b21f2a56ef7eb3ef5275d375?s=48&#038;d=mm&#038;r=g' srcset='https:\/\/secure.gravatar.com\/avatar\/e67ef5d0005dfab8faab6fe9beeaf8ed9b439b17b21f2a56ef7eb3ef5275d375?s=96&#038;d=mm&#038;r=g 2x' class='avatar avatar-48 photo wp-block-latest-comments__comment-avatar' height='48' width='48' \/><article><footer class=\"wp-block-latest-comments__comment-meta\"><a class=\"wp-block-latest-comments__comment-author\" href=\"https:\/\/fotosenderismo.com\/wordpress\/index.php\/author\/administrador\/\">Eduard<\/a> en <a class=\"wp-block-latest-comments__comment-link\" href=\"https:\/\/fotosenderismo.com\/wordpress\/index.php\/2019\/08\/09\/camprodon-freixenet-de-baix-collada-dels-solans-coll-pregon-font-rubi-serra-de-nabar-coll-de-la-creueta\/comment-page-1\/#comment-426\">Camprodon, Freixenet de Baix, Collada dels Solans, Coll Pregon, Font-rub\u00ed, Serra de Nabar, Coll de la Creueta<\/a><time datetime=\"2020-11-16T15:34:02+00:00\" class=\"wp-block-latest-comments__comment-date\">2020-11-16<\/time><\/footer><div class=\"wp-block-latest-comments__comment-excerpt\"><p>Gracias por el aviso. Es importante rese\u00f1ar el factor de las reses bravas<\/p>\n<\/div><\/article><\/li><li class=\"wp-block-latest-comments__comment\"><img alt='' src='https:\/\/secure.gravatar.com\/avatar\/6b2410821d5c9148a49e2891797f950b4b872927526bd4c2ef04a56cd1deeceb?s=48&#038;d=mm&#038;r=g' srcset='https:\/\/secure.gravatar.com\/avatar\/6b2410821d5c9148a49e2891797f950b4b872927526bd4c2ef04a56cd1deeceb?s=96&#038;d=mm&#038;r=g 2x' class='avatar avatar-48 photo wp-block-latest-comments__comment-avatar' height='48' width='48' \/><article><footer class=\"wp-block-latest-comments__comment-meta\"><span class=\"wp-block-latest-comments__comment-author\">Josep<\/span> en <a class=\"wp-block-latest-comments__comment-link\" href=\"https:\/\/fotosenderismo.com\/wordpress\/index.php\/2019\/08\/09\/camprodon-freixenet-de-baix-collada-dels-solans-coll-pregon-font-rubi-serra-de-nabar-coll-de-la-creueta\/comment-page-1\/#comment-425\">Camprodon, Freixenet de Baix, Collada dels Solans, Coll Pregon, Font-rub\u00ed, Serra de Nabar, Coll de la Creueta<\/a><time datetime=\"2020-11-16T13:41:25+00:00\" class=\"wp-block-latest-comments__comment-date\">2020-11-16<\/time><\/footer><div class=\"wp-block-latest-comments__comment-excerpt\"><p>Despu\u00e9s de haber estado tres veces por la zona AVISO que el paso por la finca Mas Blanc y, en&hellip;<\/p>\n<\/div><\/article><\/li><\/ol>","protected":false},"excerpt":{"rendered":"","protected":false},"author":1,"featured_media":17423,"parent":0,"menu_order":0,"comment_status":"closed","ping_status":"closed","template":"","meta":{"footnotes":""},"class_list":["post-17418","page","type-page","status-publish","has-post-thumbnail","hentry"],"_links":{"self":[{"href":"https:\/\/fotosenderismo.com\/wordpress\/index.php\/wp-json\/wp\/v2\/pages\/17418","targetHints":{"allow":["GET"]}}],"collection":[{"href":"https:\/\/fotosenderismo.com\/wordpress\/index.php\/wp-json\/wp\/v2\/pages"}],"about":[{"href":"https:\/\/fotosenderismo.com\/wordpress\/index.php\/wp-json\/wp\/v2\/types\/page"}],"author":[{"embeddable":true,"href":"https:\/\/fotosenderismo.com\/wordpress\/index.php\/wp-json\/wp\/v2\/users\/1"}],"replies":[{"embeddable":true,"href":"https:\/\/fotosenderismo.com\/wordpress\/index.php\/wp-json\/wp\/v2\/comments?post=17418"}],"version-history":[{"count":3,"href":"https:\/\/fotosenderismo.com\/wordpress\/index.php\/wp-json\/wp\/v2\/pages\/17418\/revisions"}],"predecessor-version":[{"id":17424,"href":"https:\/\/fotosenderismo.com\/wordpress\/index.php\/wp-json\/wp\/v2\/pages\/17418\/revisions\/17424"}],"wp:featuredmedia":[{"embeddable":true,"href":"https:\/\/fotosenderismo.com\/wordpress\/index.php\/wp-json\/wp\/v2\/media\/17423"}],"wp:attachment":[{"href":"https:\/\/fotosenderismo.com\/wordpress\/index.php\/wp-json\/wp\/v2\/media?parent=17418"}],"curies":[{"name":"wp","href":"https:\/\/api.w.org\/{rel}","templated":true}]}}

<ol class="has-avatars has-dates has-excerpts wp-block-latest-comments"><li class="wp-block-latest-comments__comment"><img alt='' src='https://secure.gravatar.com/avatar/e67ef5d0005dfab8faab6fe9beeaf8ed9b439b17b21f2a56ef7eb3ef5275d375?s=48&#038;d=mm&#038;r=g' srcset='https://secure.gravatar.com/avatar/e67ef5d0005dfab8faab6fe9beeaf8ed9b439b17b21f2a56ef7eb3ef5275d375?s=96&#038;d=mm&#038;r=g 2x' class='avatar avatar-48 photo wp-block-latest-comments__comment-avatar' height='48' width='48' /><article><footer class="wp-block-latest-comments__comment-meta"><a class="wp-block-latest-comments__comment-author" href="https://fotosenderismo.com/wordpress/index.php/author/administrador/">Eduard</a> en <a class="wp-block-latest-comments__comment-link" href="https://fotosenderismo.com/wordpress/index.php/2020/04/14/hemos-probado-okmap/comment-page-1/#comment-526">Hemos probado OKMap. Comparativa con otros programas.</a><time datetime="2024-07-12T14:09:24+00:00" class="wp-block-latest-comments__comment-date">2024-07-12</time></footer><div class="wp-block-latest-comments__comment-excerpt"><p>Hola, el problema es que desde hace tiempo estoy utilizando Debian Linux como sistema operativo, y me parece que no&hellip;</p>
</div></article></li><li class="wp-block-latest-comments__comment"><img alt='' src='https://secure.gravatar.com/avatar/0091e73d12e25e3ea3b2a22273458568169cfbb4cff9b89b8dbb9b41fa29b3ea?s=48&#038;d=mm&#038;r=g' srcset='https://secure.gravatar.com/avatar/0091e73d12e25e3ea3b2a22273458568169cfbb4cff9b89b8dbb9b41fa29b3ea?s=96&#038;d=mm&#038;r=g 2x' class='avatar avatar-48 photo wp-block-latest-comments__comment-avatar' height='48' width='48' /><article><footer class="wp-block-latest-comments__comment-meta"><a class="wp-block-latest-comments__comment-author" href="https://www.okmap.org">Gian Paolo Saliola</a> en <a class="wp-block-latest-comments__comment-link" href="https://fotosenderismo.com/wordpress/index.php/2020/04/14/hemos-probado-okmap/comment-page-1/#comment-525">Hemos probado OKMap. Comparativa con otros programas.</a><time datetime="2024-07-11T11:31:29+00:00" class="wp-block-latest-comments__comment-date">2024-07-11</time></footer><div class="wp-block-latest-comments__comment-excerpt"><p>Hola Eduardo, quería informarte que con la nueva versión de OkMap Desktop ahora es posible calcular tracks (y rutas) automáticamente&hellip;</p>
</div></article></li><li class="wp-block-latest-comments__comment"><img alt='' src='https://secure.gravatar.com/avatar/e67ef5d0005dfab8faab6fe9beeaf8ed9b439b17b21f2a56ef7eb3ef5275d375?s=48&#038;d=mm&#038;r=g' srcset='https://secure.gravatar.com/avatar/e67ef5d0005dfab8faab6fe9beeaf8ed9b439b17b21f2a56ef7eb3ef5275d375?s=96&#038;d=mm&#038;r=g 2x' class='avatar avatar-48 photo wp-block-latest-comments__comment-avatar' height='48' width='48' /><article><footer class="wp-block-latest-comments__comment-meta"><a class="wp-block-latest-comments__comment-author" href="https://fotosenderismo.com/wordpress/index.php/author/administrador/">Eduard</a> en <a class="wp-block-latest-comments__comment-link" href="https://fotosenderismo.com/wordpress/index.php/2021/01/03/argelaguer-sant-jaume-de-llierca-tortella/comment-page-1/#comment-446">Argelaguer, Sant Jaume de Llierca, Tortellà</a><time datetime="2021-01-03T18:27:50+00:00" class="wp-block-latest-comments__comment-date">2021-01-03</time></footer><div class="wp-block-latest-comments__comment-excerpt"><p>Para ver fotos del Parc Garrell: https://photos.app.goo.gl/qKUyXCfUSF3Q8rSq7</p>
</div></article></li><li class="wp-block-latest-comments__comment"><img alt='' src='https://secure.gravatar.com/avatar/e67ef5d0005dfab8faab6fe9beeaf8ed9b439b17b21f2a56ef7eb3ef5275d375?s=48&#038;d=mm&#038;r=g' srcset='https://secure.gravatar.com/avatar/e67ef5d0005dfab8faab6fe9beeaf8ed9b439b17b21f2a56ef7eb3ef5275d375?s=96&#038;d=mm&#038;r=g 2x' class='avatar avatar-48 photo wp-block-latest-comments__comment-avatar' height='48' width='48' /><article><footer class="wp-block-latest-comments__comment-meta"><a class="wp-block-latest-comments__comment-author" href="https://fotosenderismo.com/wordpress/index.php/author/administrador/">Eduard</a> en <a class="wp-block-latest-comments__comment-link" href="https://fotosenderismo.com/wordpress/index.php/2019/08/09/camprodon-freixenet-de-baix-collada-dels-solans-coll-pregon-font-rubi-serra-de-nabar-coll-de-la-creueta/comment-page-1/#comment-426">Camprodon, Freixenet de Baix, Collada dels Solans, Coll Pregon, Font-rubí, Serra de Nabar, Coll de la Creueta</a><time datetime="2020-11-16T15:34:02+00:00" class="wp-block-latest-comments__comment-date">2020-11-16</time></footer><div class="wp-block-latest-comments__comment-excerpt"><p>Gracias por el aviso. Es importante reseñar el factor de las reses bravas</p>
</div></article></li><li class="wp-block-latest-comments__comment"><img alt='' src='https://secure.gravatar.com/avatar/6b2410821d5c9148a49e2891797f950b4b872927526bd4c2ef04a56cd1deeceb?s=48&#038;d=mm&#038;r=g' srcset='https://secure.gravatar.com/avatar/6b2410821d5c9148a49e2891797f950b4b872927526bd4c2ef04a56cd1deeceb?s=96&#038;d=mm&#038;r=g 2x' class='avatar avatar-48 photo wp-block-latest-comments__comment-avatar' height='48' width='48' /><article><footer class="wp-block-latest-comments__comment-meta"><span class="wp-block-latest-comments__comment-author">Josep</span> en <a class="wp-block-latest-comments__comment-link" href="https://fotosenderismo.com/wordpress/index.php/2019/08/09/camprodon-freixenet-de-baix-collada-dels-solans-coll-pregon-font-rubi-serra-de-nabar-coll-de-la-creueta/comment-page-1/#comment-425">Camprodon, Freixenet de Baix, Collada dels Solans, Coll Pregon, Font-rubí, Serra de Nabar, Coll de la Creueta</a><time datetime="2020-11-16T13:41:25+00:00" class="wp-block-latest-comments__comment-date">2020-11-16</time></footer><div class="wp-block-latest-comments__comment-excerpt"><p>Después de haber estado tres veces por la zona AVISO que el paso por la finca Mas Blanc y, en&hellip;</p>
</div></article></li></ol>
